ate the remainder when 905558 is divided by 430.
408
Calculate the remainder when 1129993 is divided by 20925.
43
Calculate the remainder when 107789 is divided by 35886.
131
Calculate the remainder when 198198 is divided by 19815.
48
Calculate the remainder when 14214137 is divided by 65.
2
Calculate the remainder when 12917 is divided by 202.
191
What is the remainder when 1785209 is divided by 1490?
189
Calculate the remainder when 4934431 is divided by 4934410.
21
Calculate the remainder when 1530887 is divided by 765076.
735
Calculate the remainder when 17527685 is divided by 32220.
5
What is the remainder when 230935 is divided by 1490?
1475
What is the remainder when 15249184 is divided by 62?
36
What is the remainder when 9113984 is divided by 175?
159
What is the remainder when 25861478 is divided by 7?
6
Calculate the remainder when 2117551 is divided by 91.
72
What is the remainder when 55476 is divided by 27113?
1250
Calculate the remainder when 2837806 is divided by 172.
150
What is the remainder when 525173 is divided by 7723?
9
What is the remainder when 7620841 is divided by 7620839?
2
What is the remainder when 417815 is divided by 14406?
41
Calculate the remainder when 65459760 is divided by 21157.
2
What is the remainder when 26658534 is divided by 8886177?
3
Calculate the remainder when 140496091 is divided by 312.
307
Calculate the remainder when 6671670 is divided by 1111945.
0
What is the remainder when 1586646 is divided by 345?
336
Calculate the remainder when 338324 is divided by 83.
16
Calculate the remainder when 13893557 is divided by 1592.
173
What is the remainder when 2969713 is divided by 1554?
19
Calculate the remainder when 3846488 is divided by 2.
0
Calculate the remainder when 74748 is divided by 64.
60
What is the remainder when 843726159 is divided by 763?
759
What is the remainder when 9411691 is divided by 218?
195
Calculate the remainder when 185423 is divided by 104.
95
Calculate the remainder when 198458 is divided by 33059.
104
Calculate the remainder when 27377066 is divided by 7.
3
What is the remainder when 6198201 is divided by 52081?
562
What is the remainder when 29538 is divided by 5522?
1928
What is the remainder when 861512 is divided by 149?
143
What is the remainder when 1872636 is divided by 280?
276
What is the remainder when 452508 is divided by 56?
28
What is the remainder when 897739 is divided by 3466?
45
What is the remainder when 636269 is divided by 99?
95
Calculate the remainder when 96580 is divided by 2185.
440
Calculate the remainder when 1489935 is divided by 3952.
31
Calculate the remainder when 1264827 is divided by 38295.
1092
What is the remainder when 61692273 is divided by 1354?
1325
What is the remainder when 2471315 is divided by 1235644?
27
What is the remainder when 234297 is divided by 33230?
1687
Calculate the remainder when 101938187 is divided by 204.
203
Calculate the remainder when 2102269 is divided by 7032.
6733
What is the remainder when 34781711 is divided by 854?
853
What is the remainder when 290539 is divided by 182?
67
What is the remainder when 16103194 is divided by 2683854?
70
What is the remainder when 57899 is divided by 28943?
13
Calculate the remainder when 114676 is divided by 1820.
16
Calculate the remainder when 3562411 is divided by 22.
17
What is the remainder when 1664597 is divided by 242?
121
Calculate the remainder when 453737 is divided by 468.
245
Calculate the remainder when 1540804 is divided by 2717.
265
What is the remainder when 103770 is divided by 590?
520
What is the remainder when 10020765 is divided by 125?
15
What is the remainder when 32990315 is divided by 246?
239
What is the remainder when 916387 is divided by 1874?
1
Calculate the remainder when 56661566 is divided by 3550.
16
What is the remainder when 5625006 is divided by 454?
400
What is the remainder when 48420897 is divided by 1569?
1557
What is the remainder when 8563 is divided by 4129?
305
What is the remainder when 2792735 is divided by 3?
2
Calculate the remainder when 3049031 is divided by 22.
7
What is the remainder when 9639114 is divided by 971?
968
What is the remainder when 1871477 is divided by 935716?
45
What is the remainder when 666349 is divided by 435?
364
What is the remainder when 669775 is divided by 334490?
795
Calculate the remainder when 600560 is divided by 75069.
8
Calculate the remainder when 6002945 is divided by 92.
37
Calculate the remainder when 243531 is divided by 9366.
15
What is the remainder when 1489190 is divided by 7881?
7562
Calculate the remainder when 46833 is divided by 9336.
153
Calculate the remainder when 35260244 is divided by 2441.
2440
What is the remainder when 301191 is divided by 4761?
1248
Calculate the remainder when 254909 is divided by 2251.
546
Calculate the remainder when 685187 is divided by 137032.
27
Calculate the remainder when 8013486 is divided by 67.
18
What is the remainder when 7295718 is divided by 7146?
6798
Calculate the remainder when 1936407 is divided by 149.
3
Calculate the remainder when 100396404 is divided by 51.
48
What is the remainder when 734016547 is divided by 95?
92
What is the remainder when 43843 is divided by 13519?
3286
What is the remainder when 12547871 is divided by 2538?
2537
What is the remainder when 12294528 is divided by 77324?
12
What is the remainder when 10538313 is divided by 190?
153
What is the remainder when 6252254 is divided by 2516?
2510
What is the remainder when 383564 is divided by 18213?
1091
Calculate the remainder when 1176525 is divided by 43575.
0
Calculate the remainder when 19671735 is divided by 856.
855
Calculate the remainder when 73010730 is divided by 425.
405
What is the remainder when 337483 is divided by 900?
883
Calculate the remainder when 991571 is divided by 47188.
623
Calculate the remainder when 367373 is divided by 367327.
46
Calculate the remainder when 166881975 is divided by 342.
339
Calculate the remainder when 20819 is divided by 1064.
603
Calculate the remainder when 218300 is divided by 7425.
2975
What is the remainder when 1696717 is divided by 51?
49
What is the remainder when 474107 is divided by 7754?
1113
What is the remainder when 13719 is divided by 1154?
1025
What is the remainder when 1903158 is divided by 790?
48
What is the remainder when 5612385 is divided by 2806182?
21
Calculate the remainder when 936641 is divided by 26014.
137
What is the remainder when 20944627 is divided by 194?
193
What is the remainder when 2090375 is divided by 19?
14
Calculate the remainder when 98555752 is divided by 36.
28
Calculate the remainder when 169133617 is divided by 4125210.
7
What is the remainder when 240495 is divided by 1046?
961
What is the remainder when 15283021 is divided by 5094279?
184
Calculate the remainder when 31341534 is divided by 2136.
6
What is the remainder when 10755155 is divided by 2795?
2790
What is the remainder when 14825735 is divided by 184?
119
Calculate the remainder when 6612449 is divided by 455.
389
Calculate the remainder when 11958862 is divided by 5979424.
14
Calculate the remainder when 18235284 is divided by 173669.
39
What is the remainder when 7639 is divided by 166?
3
Calculate the remainder when 109946492 is divided by 49.
47
Calculate the remainder when 2022651 is divided by 273.
267
Calculate the remainder when 495216 is divided by 1307.
1170
What is the remainder when 1114261 is divided by 202?
29
What is the remainder when 472186019 is divided by 983?
3
What is the remainder when 3086874 is divided by 1395?
1134
What is the remainder when 7578292 is divided by 757822?
72
Calculate the remainder when 4184428 is divided by 338.
326
What is the remainder when 1143915 is divided by 1015?
10
What is the remainder when 47875 is divided by 2944?
771
What is the remainder when 27088631 is divided by 796724?
15
Calculate the remainder when 942995 is divided by 1417.
690
What is the remainder when 628352 is divided by 699?
650
What is the remainder when 174957 is divided by 58101?
654
What is the remainder when 4480285 is divided by 1206?
1201
Calculate the remainder when 6343830 is divided by 15859.
230
Calculate the remainder when 68029 is divided by 3575.
104
Calculate the remainder whe